valuate 2 + (-6 - -6) + 8 + -20 + 44.
34
What is -3 - ((-10 - (0 - (14 - 10))) + 3)?
0
What is -9 - 8 - (2 - (-1 - -10)) - -2?
-8
-33 - (-24 + 16 - 7)
-18
What is the value of 11 + (175 + -181 - (-11 + (0 - -1)))?
15
What is the value of -2 + (42 + -41 - (13 + -1))?
-13
What is the value of -10 + 1 - (-23 + 25 + -14)?
3
What is -32 - (-12 + -1 - -3)?
-22
What is the value of -15 + (17 + -35 - -14)?
-19
What is 1 - (-1 + (4 - -3) + -8 + -17)?
20
Evaluate -5 - (24 + -13 + 7).
-23
What is -9 + 0 + -10 + 43 + -16 + -9?
-1
Calculate 7 - (-2 + -1 + -6 - (-33 + 26)).
9
What is the value of -1 - (3 - -1 - 3)?
-2
What is (6 - 3) + -15 + 6 + -2 + -3?
-11
What is the value of -5 + (-13 + 7 - 0 - (1 + -21))?
9
What is the value of 3 + -7 + 10 - -5?
11
What is 0 + 18 + -5 + -3 - (27 + 2)?
-19
What is (2 - 8) + -3 - (-17 - -6 - -11)?
-9
Evaluate 1 + 12 + -12 - (17 - 4).
-12
Calculate 0 + (23 - 16) + 4.
11
-9 + 8 + -17 + 39
21
What is the value of -18 + 12 + 11 + -1 + 0 + 11?
15
Evaluate (6 - -30 - 32) + (-1 - 5).
-2
Calculate 1 - -6 - (-1 + 5) - -18.
21
355 + -362 + 0 + -9
-16
3 + -3 + -9 - (-18 + 6)
3
Evaluate 7 - (5 - (4 + 3)).
9
Evaluate -11 + (-12 - -21) + 0.
-2
Calculate 14 + (-3 - -2) + (-850 - -857).
20
(10 + (7 - (9 - 4)) - 1) + -38
-27
Calculate 4 - (-12 + 25 + -31).
22
What is (-37 - -42) + (-6 - 11)?
-12
What is the value of 9 + -5 - 6 - (-7 - -22)?
-17
-7 - ((-28 - -11) + 29) - -11
-8
What is the value of -15 - (-7 + 3) - (-10 + 6) - 11?
-18
What is the value of 15 + -18 + 0 + 1?
-2
What is the value of -3 + (-14 - -8) - (-5 + (-7 - 28))?
31
What is the value of -1 + (-13 + 7 - -3 - -12)?
8
Evaluate (381 - 414) + (-2 + 0 + 1 - -5).
-29
Calculate -19 + (-18 - (-13 - -12)) + (8 - -2).
-26
7 - (11 - (4 + 6 - 13))
-7
14 - 14 - (4 - 7 - -5)
-2
Calculate 5 + -3 + (4 - (1 + -3 + -4)).
12
(-12 - (5 - 12)) + -3 - (15 - 2)
-21
What is the value of 67 - 81 - ((19 - 3) + -5)?
-25
Evaluate (-40 - -36) + (-3 - 15 - -2).
-20
Evaluate (-35 + 10 + 11 - (-7 + 1)) + 14.
6
What is the value of 32 + (-27 - -34) + (-3 - (4 - -5))?
27
What is -3 + -1 + 1 + -12 - (87 + -93)?
-9
Evaluate -24 + (28 - 51) + 30.
-17
What is the value of -2 + 25 - ((-3 - 0) + (-169 - -179))?
16
Calculate (-231 - -226) + (-16 - (-1 - 1)).
-19
-10 + (-8 - -33) + -13 + 11
13
Evaluate -2 - (-11 + (-40 + 51 - (0 - 18))).
-20
What is the value of 45 - ((-9 - 3) + 32)?
25
-2 + (2 - 2) - ((-35 - -21) + -4)
16
Evaluate (0 - (-15 + 17)) + 6.
4
Evaluate 7 + (0 + -5 + 2 - (-13 + 14)).
3
What is the value of -13 + 62 - (7 - -25)?
17
Evaluate -9 - (2 + 10 + (76 - 82)).
-15
Evaluate (-22 - -4 - -8) + (2 - 1) + -11.
-20
(2 - 1) + (66 - 76) + (16 - 2)
5
What is (1 - (11 - 10 - 5)) + -15?
-10
What is 2 + (-4 + 2 - 1) + -7?
-8
What is -3 + -1 + 3 - 18?
-19
Evaluate 38 - (-7 - (35 + -48)).
32
Calculate -29 + 48 - ((-13 - -24) + -16).
24
Calculate (12 - (29 + -14)) + (1 - -7).
5
23 + (23 - 46) + -5
-5
What is -39 - (16 + -15 + 1 - 11)?
-30
-1 - -7 - (-12 + (2 - (-2 + -1)))
13
Calculate 16 - ((-9 - (-12 + 4)) + 7).
10
-27 - (22 - (-26 - -81))
6
What is the value of (-8 + 2 - (60 + -68)) + -11?
-9
Calculate -32 + 40 + 2 + (3 - (2 + 2)).
9
44 + 22 + -68 + 23
21
Evaluate 2 + -7 + -1 + 0 - -1.
-5
-8 - 3 - -9 - 1
-3
Evaluate -10 - -8 - (60 - 41).
-21
3 - (3 + 6) - (10 - (-1 + 7))
-10
What is the value of -2 + 5 + -1 + (1 + -8 - -10)?
5
What is the value of 8 + (-23 - (19 + -45))?
11
Calculate (-171 - -175) + (3 - (-3 + 4)).
6
What is the value of (-10 + 10 - -10) + -21?
-11
0 + ((5 + 1 - 5) + 3 - 8)
-4
What is -7 + (51 - 16) + -10?
18
What is the value of 16 - (7 - 13 - -14)?
8
What is the value of 3 - 1 - (19 + (43 - 66))?
6
What is -12 + 6 - ((22 - 30) + -7)?
9
-230 - -212 - (0 + 1)
-19
What is 3 + 1 + 5 + 3?
12
-6 + (4 + 3 - (13 - 20)) + 9
17
Evaluate -5 + -27 + -11 + 20 - -16.
-7
What is the value of (11 + 1 - 0) + 8 + (-1 - 7)?
12
What is the value of 31 - (-38 + 106) - (-11 + 1)?
-27
Evaluate 4 + -3 + (1 - 4 - -5).
3
What is the value of 0 + -17 - -2 - 0 - (-115 - -107)?
-7
What is the value of 6 + (2 + -7 - (-5 + 6)) - -22?
22
Evaluate (7 + (4 - 9) - -8) + -29.
-19
Calculate 37 - ((8 - 26) + 16) - 14.
25
What is the value of 32 - (8 + -5 + 13 - 4)?
20
(-44 - -44) + (2 - (4 - 1))
-1
(6 - 24) + 28 - -3
13
Evaluate -30 - -18 - ((-7 - -2) + -2).
-5
What is -5 - (7 + (3 - 9 - -6)) - 9?
-21
Evaluate -25 + (-3 + 20 - 1).
-9
Calculate -5 - -1 - (11 - (30 + 0) - -6).
9
Evaluate -3 - (-3 + -4 + 18 - 5) - -2.
-7
What is the value of 10 - (-63 + 58 - (-4 + 0))?
11
-2 - -18 - (-562 - -561)
17
What is 27 - 30 - (-2 + 3 + -3 + -4)?
3
-7 - (-5 - (5 + -9)) - (-6 + 2)
-2
Calculate 6 + -19 + (-5 + 5 + 2 - 1).
-12
Evaluate 9 + 95 + -78 + 0 + -8 + 2.
20
Calculate -22 + (-22 - 23) + 45.
-22
What is (0 - 3) + 33 + -13?
17
Calculate 2 - (4 - (-12 + (-8 - -11))).
-11
What is -24 + 21 + -13 + 13?
-3
Calculate (-1 - 0 - -6) + (-21 - -78) + -64.
-2
Calculate -1 + (-28 - -11) + 11 - 5.
-12
3 + 10 - (18 + -22)
17
Evaluate (-57 - (-27 - 5)) + 6 + 0 + 1.
-18
What is the value of -10 + (10 - -3) - 3?
0
-1 + -40 + 8 + 38
5
Evaluate 16 + (0 - 4) + (-2 - 1).
9
What is -11 - (136 + -137 - (-8 + -4 - -4))?
-18
Evaluate -13 - (-1 + 18 - 40).
10
Evaluate 15 + (-13 + -4 - -9) - 43.
-36
What is -7 + 0 + 8 + 25 + -12?
14
10 - (0 + 2) - ((35 - 22) + -10)
5
What is 1 - 0 - (78 + -96)?
19
Calculate (1 + -13 - (2 - 10)) + 9.
5
Evaluate -10 - (0 + -8 + (-1 - 3) + 13).
-11
What is the value of (-1 - 2) + (15 - (-2 - 0))?
14
(11 - 11) + -2 + (-10 + 3 - 1)
-10
What is -4 + 0 + -4 - (47 - 67)?
12
What is the value of -1 - 48 - -38 - (6 - -4)?
-21
Evaluate -3 + -1 + 11 + -6 + (-24 - -4).
-19
Calculate 9 + (11 - -6) + -10 + 12.
28
Evaluate -13 - (13 + 3 - 10) - (0 + -6).
-13
-17 - (7 - (8 - -19)) - -6
9
Calculate 1 + 23 + (-37 - (-108 - -70)).
25
What is (-96 - -113) + (-12 - 2)?
3
4 + -4 + 7 + -3 + 5 + -3
6
What is 1 + -2 + (8 - (-29 - -28))?
8
What is 0 + -14 + (-260 - -289)?
15
What is the value of -7 - (-6 - (-2 + 14))?
11
What is -3 - ((3 - ((-8 - -4) + 5)) + 2)?
-7
Evaluate 3 + 2 + (12 - -2).
19
Calculate -2 + (-1 - 0 - 3).
-6
What is the value of -7882 - -7883 - (2 + -1 + 0 - -1)?
-1
Calculate -60 - (-4 + -33) - -10.
-13
What is the value of (7 - 9) + -13 + 17?
2
What is 7 + 3 - 0 - (-19 + 106 - 41)?
-36
4 - ((-2 - (-4 - 3)) + -2)
1
What is the value of (4 - (1 + -4)) + (34 - 34)?
7
Evaluate 36 + -42 + (-6 - (1 + -6)) + 8.
1
Evaluate 17 - (2 + -5 + -11 + 10).
21
7 + 17 - (11 + (9 - 15 - -5))
14
Evaluate 0 + 6 + -3 + 2 + -23 + 22.
4
What is the value of (15 + -9 - -9) + -14?
1
Evaluate -4 + (12 - -11) + -2.
17
What is the value of -12 + (13 - (-3 + -3))?
7
What is -11 - ((5 - 3) + -3 - (12 + -16))?
-14
What is 0 + 26 + (2 - (-11 + (6 - -12)))?
21
Calculate 6 - (14 + -20 + 12 + (-7 - -2)).
5
Evaluate -22 - (-12 + -3 - -19 - (7 - 0)).
-19
(-8 - 4 - -8 - -4) + (-1 - 9)
-10
What is (14 - -1) + 2467 + -2465?
17
Calculate (4 + -14 - (24 + -30)) + 25.
21
5 + 13 + -8 - 2 - 13
-5
Calculate 32 - 45 - ((16 - 9) + -8).
-12
-1 + (4 - (6 + -8)) + 2
7
What is the value of (-3 - 0 - (-213 + 217)) + -1 + -20?
-28
What is the value of (-1 - 7) + (1028 - 1044)?
-24
What is (1 - -4) + (-8 - 4) + 8?
1
Evaluate (16 - (35 + -25)) + -3 + 1 + -3.
1
What is (19 - -2 - 5) + 267 + -259?
24
32 - ((0 - 5) + 21 - (8 - 4))
20
What is 1 - -3 - (118 - 121)?
7
Evaluate 113 - 142 - (3 - -4).
-36
4 + -1 - (-3 + 0 - -17)
-11
Calculate 5 + (14 - (4 + 40)) - 1.
-26
What is 3 + 11 + (-6 - (-14 - (-6 - 1)))?
15
Evaluate (23 - (-4 - -12)) + -17.
-2
What is the value of -19 + (-62 - -31 - -19)?
-31
What is the value of 6 + -1 - (7 + -18 + 20)?
-4
What is the value of 3 + (-7 - (-1 - 9 - (-86 - -82)))?
2
Evaluate -18 + (-4 - (-29 - -2)).
5
What is the value of (49 - 25 - 16) + 17?
25
-11 - (-2 - 7) - (-8 - 3) - 4
5
What is the value of -6 + (-5 - (-5 - -1 - 2))?
-5
What is the value of -8 + 9 + 5 + -9 + 3?
0
(-9 - -2 - -17) + (7 - (10 - 0))
7
Evaluate 19 + 3 + -10 + -9 + 6.
9
Calculate -8 + -11 + (3 - -1 - (-40 - -49)).
-24
-8 - 2 - (472 - 472)
-10
What is -3 + 10 + -11 + 3 + 4 - -2?
5
-7 - (-7 - (-3 + 6) - -5)
-2
What is -9 + 5 + (2 - -9) + -28 - -10?
-11
-1 + (1 - -6 - 0)
6
1 + 5 + -18 + 3 - -29
20
Calculate -32 + 23 + -22 + 39.
8
What is the value of (-27 - 7) + 86 + -34?
18
What is the value 